{"id":6593,"date":"2026-04-23T08:43:11","date_gmt":"2026-04-23T07:43:11","guid":{"rendered":"https:\/\/toppropertiesestepona.com\/?post_type=property&#038;p=6593"},"modified":"2026-04-23T09:41:59","modified_gmt":"2026-04-23T08:41:59","slug":"apartamento-en-primera-linea-de-playa-en-el-valerin","status":"publish","type":"property","link":"https:\/\/toppropertiesestepona.com\/es\/property\/beachfront-apartment-in-el-valerin\/","title":{"rendered":"Beachfront apartment in El Valer\u00edn\u00a0"},"content":{"rendered":"<p>Esta prestigiosa comunidad en primera l\u00ednea de playa est\u00e1 perfectamente ubicada entre Marbella y Estepona, ofreciendo una combinaci\u00f3n excepcional de privacidad, lujo y comodidad. Los residentes disfrutan de hermosos jardines tropicales, una impresionante zona de piscina con un encantador bar de aperitivos y seguridad las 24 horas, todo con acceso directo a una de las playas m\u00e1s codiciadas de la Costa del Sol.<\/p>\n\n\n\n<p>Este apartamento completamente reformado presume de hermosas vistas tanto al paisaje circundante como al mar Mediterr\u00e1neo. Dise\u00f1ado para un estilo de vida moderno sin esfuerzo, cuenta con calefacci\u00f3n por suelo radiante en toda la vivienda y una amplia terraza que extiende el espacio habitable hacia el exterior de forma armoniosa, perfecta para relajarse o recibir invitados con estilo. Cada detalle ha sido cuidadosamente considerado para crear un hogar sofisticado y a la vez confortable.<\/p>\n\n\n\n<p>El apartamento cuenta con una elegante cocina de dise\u00f1o de concepto abierto, equipada con electrodom\u00e9sticos alemanes de alta gama, suelos de calidad y mobiliario contempor\u00e1neo con estilo. Elementos adicionales como una chimenea el\u00e9ctrica, un sistema de sonido de Bang &amp; Olufsen y armarios empotrados a medida aportan un toque de sofisticaci\u00f3n y exclusividad, convirti\u00e9ndolo en una residencia verdaderamente excepcional.<\/p>\n\n\n\n<p><\/p>\n\n\n\n<p><\/p>","protected":false},"excerpt":{"rendered":"<p>Esta prestigiosa comunidad en primera l\u00ednea de playa est\u00e1 perfectamente ubicada entre Marbella y Estepona, ofreciendo una combinaci\u00f3n excepcional de privacidad, lujo y comodidad. Los residentes disfrutan de hermosos jardines tropicales, una impresionante zona de piscina con un encantador bar de aperitivos y seguridad las 24 horas, todo con acceso directo a una de las playas m\u00e1s codiciadas de la Costa del Sol.<\/p>","protected":false},"author":1,"featured_media":6615,"template":"","location":[23],"tax_feature":[78,63,151,100,172,70],"class_list":["post-6593","property","type-property","status-publish","has-post-thumbnail","hentry","location-estepona","tax_feature-close-to-golf","tax_feature-close-to-town","tax_feature-communal-pool","tax_feature-private-terrace","tax_feature-seaview","tax_feature-storage-room","epl-status-current"],"acf":[],"meta":{"property_heading":"Beachfront apartment in El Valer\u00edn","property_office_id":"","property_agent":"","property_second_agent":"","property_agent_hide_author_box":"","property_status":"current","property_list_date":"","property_authority":"exclusive","property_unique_id":"TP1579","property_category":"Apartment","property_mod_date":"","property_images_mod_date":"","property_floorplan_mod_date":"","property_inspection_times":"","property_featured":"","property_bedrooms":"3","property_bathrooms":"2","property_toilet":"","property_ensuite":"","property_garage":"","property_carport":"","property_open_spaces":"","property_rooms":"","property_year_built":"2026","property_new_construction":"","property_pool":"yes","property_air_conditioning":"yes","property_security_system":"","property_land_area":"","property_land_area_unit":"square","property_building_area":"122","property_building_area_unit":"square","property_energy_rating":"","property_land_fully_fenced":"","property_broadband":"","property_built_in_robes":"","property_dishwasher":"","property_floor_boards":"","property_gym":"","property_intercom":"","property_pay_tv":"","property_remote_garage":"","property_rumpus_room":"","property_secure_parking":"","property_spa":"","property_study":"","property_vacuum_system":"","property_workshop":"","property_balcony":"","property_courtyard":"","property_deck":"","property_outdoor_entertaining":"","property_shed":"","property_tennis_court":"","property_ducted_cooling":"","property_ducted_heating":"","property_evaporative_cooling":"","property_gas_heating":"","property_hydronic_heating":"","property_open_fire_place":"","property_reverse_cycle_aircon":"","property_split_system_aircon":"","property_split_system_heating":"","property_address_display":"","property_address_sub_number":"","property_address_street_number":"","property_address_street":"","property_address_suburb":"","property_address_state":"","property_address_postal_code":"","property_address_country":"","property_address_coordinates":"","property_address_hide_map":"","property_price_global":"1895000","property_price_currency":"","property_price":"1895000","property_price_view":"","property_auction":"","property_price_display":"yes","property_under_offer":"","property_is_home_land_package":"","property_sold_price":"","property_sold_date":"","property_sold_price_display":"","property_video_url":"","property_external_link":"","property_external_link_label":"","property_external_link_2":"","property_external_link_2_label":"","property_external_link_3":"","property_external_link_3_label":"","property_com_mini_web":"","property_com_mini_web_2":"","property_floorplan":"","property_floorplan_label":"","property_floorplan_2":"","property_floorplan_2_label":"","property_energy_certificate":"","property_energy_certificate_label":"","property_owner":""},"_links":{"self":[{"href":"https:\/\/toppropertiesestepona.com\/es\/wp-json\/wp\/v2\/property\/6593","targetHints":{"allow":["GET"]}}],"collection":[{"href":"https:\/\/toppropertiesestepona.com\/es\/wp-json\/wp\/v2\/property"}],"about":[{"href":"https:\/\/toppropertiesestepona.com\/es\/wp-json\/wp\/v2\/types\/property"}],"author":[{"embeddable":true,"href":"https:\/\/toppropertiesestepona.com\/es\/wp-json\/wp\/v2\/users\/1"}],"version-history":[{"count":2,"href":"https:\/\/toppropertiesestepona.com\/es\/wp-json\/wp\/v2\/property\/6593\/revisions"}],"predecessor-version":[{"id":6639,"href":"https:\/\/toppropertiesestepona.com\/es\/wp-json\/wp\/v2\/property\/6593\/revisions\/6639"}],"wp:featuredmedia":[{"embeddable":true,"href":"https:\/\/toppropertiesestepona.com\/es\/wp-json\/wp\/v2\/media\/6615"}],"wp:attachment":[{"href":"https:\/\/toppropertiesestepona.com\/es\/wp-json\/wp\/v2\/media?parent=6593"}],"wp:term":[{"taxonomy":"location","embeddable":true,"href":"https:\/\/toppropertiesestepona.com\/es\/wp-json\/wp\/v2\/location?post=6593"},{"taxonomy":"tax_feature","embeddable":true,"href":"https:\/\/toppropertiesestepona.com\/es\/wp-json\/wp\/v2\/tax_feature?post=6593"}],"curies":[{"name":"wp","href":"https:\/\/api.w.org\/{rel}","templated":true}]}}

Beachfront apartment in El Valerín

<p>Esta prestigiosa comunidad en primera línea de playa está perfectamente ubicada entre Marbella y Estepona, ofreciendo una combinación excepcional de privacidad, lujo y comodidad. Los residentes disfrutan de hermosos jardines tropicales, una impresionante zona de piscina con un encantador bar de aperitivos y seguridad las 24 horas, todo con acceso directo a una de las playas más codiciadas de la Costa del Sol.</p>



<p>Este apartamento completamente reformado presume de hermosas vistas tanto al paisaje circundante como al mar Mediterráneo. Diseñado para un estilo de vida moderno sin esfuerzo, cuenta con calefacción por suelo radiante en toda la vivienda y una amplia terraza que extiende el espacio habitable hacia el exterior de forma armoniosa, perfecta para relajarse o recibir invitados con estilo. Cada detalle ha sido cuidadosamente considerado para crear un hogar sofisticado y a la vez confortable.</p>



<p>El apartamento cuenta con una elegante cocina de diseño de concepto abierto, equipada con electrodomésticos alemanes de alta gama, suelos de calidad y mobiliario contemporáneo con estilo. Elementos adicionales como una chimenea eléctrica, un sistema de sonido de Bang &amp; Olufsen y armarios empotrados a medida aportan un toque de sofisticación y exclusividad, convirtiéndolo en una residencia verdaderamente excepcional.</p>



<p></p>



<p></p>

<p>Esta prestigiosa comunidad en primera línea de playa está perfectamente ubicada entre Marbella y Estepona, ofreciendo una combinación excepcional de privacidad, lujo y comodidad. Los residentes disfrutan de hermosos jardines tropicales, una impresionante zona de piscina con un encantador bar de aperitivos y seguridad las 24 horas, todo con acceso directo a una de las playas más codiciadas de la Costa del Sol.</p>
